 when 88329 is divided by 55?
54
What is the remainder when 788 is divided by 729?
59
Calculate the remainder when 56175 is divided by 24.
15
What is the remainder when 59154 is divided by 23?
21
Calculate the remainder when 105839 is divided by 980.
979
What is the remainder when 1188 is divided by 44?
0
What is the remainder when 557990 is divided by 17?
16
Calculate the remainder when 46694 is divided by 849.
848
What is the remainder when 129619 is divided by 9969?
22
Calculate the remainder when 12859 is divided by 89.
43
What is the remainder when 1346113 is divided by 14?
13
What is the remainder when 8994 is divided by 61?
27
Calculate the remainder when 1087797 is divided by 740.
737
What is the remainder when 53874 is divided by 22?
18
What is the remainder when 1763 is divided by 111?
98
Calculate the remainder when 339776 is divided by 443.
438
What is the remainder when 2083 is divided by 205?
33
What is the remainder when 20323 is divided by 68?
59
What is the remainder when 229639 is divided by 8?
7
What is the remainder when 441 is divided by 13?
12
Calculate the remainder when 37994 is divided by 950.
944
Calculate the remainder when 719 is divided by 46.
29
Calculate the remainder when 7283 is divided by 64.
51
What is the remainder when 13338 is divided by 1090?
258
Calculate the remainder when 317625 is divided by 109.
108
What is the remainder when 2557 is divided by 40?
37
What is the remainder when 47244 is divided by 15428?
960
Calculate the remainder when 136056 is divided by 405.
381
What is the remainder when 1764 is divided by 346?
34
What is the remainder when 1740 is divided by 437?
429
What is the remainder when 1004 is divided by 997?
7
What is the remainder when 112992 is divided by 112979?
13
What is the remainder when 2719 is divided by 629?
203
Calculate the remainder when 561819 is divided by 2401.
2386
What is the remainder when 5065 is divided by 203?
193
What is the remainder when 43772 is divided by 38?
34
What is the remainder when 6512 is divided by 305?
107
Calculate the remainder when 435706 is divided by 39.
37
What is the remainder when 4349 is divided by 930?
629
What is the remainder when 54738 is divided by 4970?
68
What is the remainder when 42036 is divided by 188?
112
What is the remainder when 631 is divided by 206?
13
What is the remainder when 25297 is divided by 576?
529
What is the remainder when 219636 is divided by 487?
486
Calculate the remainder when 6255 is divided by 70.
25
What is the remainder when 22014 is divided by 1102?
1076
What is the remainder when 34148 is divided by 1669?
768
Calculate the remainder when 336199 is divided by 198.
193
What is the remainder when 35207 is divided by 588?
515
What is the remainder when 198650 is divided by 70?
60
What is the remainder when 172149 is divided by 172144?
5
Calculate the remainder when 243694 is divided by 1468.
6
Calculate the remainder when 28908 is divided by 16.
12
Calculate the remainder when 3310 is divided by 368.
366
Calculate the remainder when 56955 is divided by 4746.
3
What is the remainder when 12694 is divided by 1157?
1124
What is the remainder when 1553 is divided by 5?
3
Calculate the remainder when 87440 is divided by 29140.
20
What is the remainder when 99856 is divided by 2219?
1
Calculate the remainder when 47506 is divided by 500.
6
What is the remainder when 291224 is divided by 1891?
10
What is the remainder when 1294845 is divided by 47?
42
What is the remainder when 22246 is divided by 831?
640
What is the remainder when 880 is divided by 192?
112
What is the remainder when 34294 is divided by 50?
44
What is the remainder when 29076 is divided by 14?
12
Calculate the remainder when 7103 is divided by 8.
7
Calculate the remainder when 7881 is divided by 4.
1
What is the remainder when 945660 is divided by 37?
14
What is the remainder when 2936278 is divided by 37?
32
Calculate the remainder when 10487 is divided by 41.
32
Calculate the remainder when 4116670 is divided by 576.
574
Calculate the remainder when 16634 is divided by 2354.
156
What is the remainder when 437469 is divided by 47?
40
What is the remainder when 7190 is divided by 1430?
40
Calculate the remainder when 421723 is divided by 37.
34
Calculate the remainder when 4048 is divided by 896.
464
What is the remainder when 3636 is divided by 241?
21
What is the remainder when 15519 is divided by 5168?
15
Calculate the remainder when 43583 is divided by 43561.
22
What is the remainder when 66829 is divided by 82?
81
What is the remainder when 4641 is divided by 244?
5
What is the remainder when 17591 is divided by 102?
47
What is the remainder when 6800 is divided by 162?
158
What is the remainder when 42056 is divided by 15?
11
Calculate the remainder when 75160 is divided by 402.
388
What is the remainder when 159275 is divided by 245?
25
What is the remainder when 6580 is divided by 23?
2
What is the remainder when 5337 is divided by 34?
33
What is the remainder when 23465 is divided by 4672?
105
Calculate the remainder when 62616 is divided by 773.
3
Calculate the remainder when 733 is divided by 426.
307
Calculate the remainder when 68257 is divided by 108.
1
What is the remainder when 105384 is divided by 98?
34
Calculate the remainder when 40920 is divided by 54.
42
What is the remainder when 19593 is divided by 6371?
480
Calculate the remainder when 129867 is divided by 25973.
2
What is the remainder when 74405 is divided by 1378?
1371
What is the remainder when 97087 is divided by 112?
95
Calculate the remainder when 13227 is divided by 6533.
161
Calculate the remainder when 9879 is divided by 34.
19
What is the remainder when 3751 is divided by 1200?
151
What is the remainder when 524753 is divided by 47?
45
Calculate the remainder when 200 is divided by 140.
60
What is the remainder when 24021 is divided by 7210?
2391
Calculate the remainder when 2568967 is divided by 238.
233
Calculate the remainder when 3281 is divided by 3273.
8
What is the remainder when 204995 is divided by 22?
21
What is the remainder when 26924 is divided by 29?
12
Calculate the remainder when 24237 is divided by 3461.
10
What is the remainder when 7496 is divided by 119?
118
What is the remainder when 27524 is divided by 393?
14
What is the remainder when 2348 is divided by 802?
744
Calculate the remainder when 1021 is divided by 216.
157
Calculate the remainder when 311 is divided by 64.
55
Calculate the remainder when 965234 is divided by 212.
210
Calculate the remainder when 2366 is divided by 148.
146
What is the remainder when 7786 is divided by 68?
34
What is the remainder when 8115 is divided by 1170?
1095
Calculate the remainder when 1784 is divided by 240.
104
What is the remainder when 16210 is divided by 32?
18
What is the remainder when 17336 is divided by 36?
20
Calculate the remainder when 253651 is divided by 12680.
51
What is the remainder when 125080 is divided by 1924?
20
What is the remainder when 6836 is divided by 427?
4
Calculate the remainder when 38005 is divided by 61.
2
What is the remainder when 3479 is divided by 3247?
232
What is the remainder when 2156 is divided by 67?
12
Calculate the remainder when 3882 is divided by 1794.
294
Calculate the remainder when 26505 is divided by 441.
45
What is the remainder when 35354 is divided by 63?
11
Calculate the remainder when 10667 is divided by 818.
33
What is the remainder when 4230 is divided by 133?
107
Calculate the remainder when 8899 is divided by 318.
313
Calculate the remainder when 1790354 is divided by 177.
176
What is the remainder when 13229 is divided by 31?
23
Calculate the remainder when 225830 is divided by 283.
279
Calculate the remainder when 719 is divided by 128.
79
What is the remainder when 587787 is divided by 1024?
11
What is the remainder when 143840 is divided by 2115?
20
Calculate the remainder when 11369 is divided by 30.
29
Calculate the remainder when 1014 is divided by 11.
2
What is the remainder when 4517367 is divided by 165?
162
What is the remainder when 1206 is divided by 429?
348
Calculate the remainder when 2890 is divided by 960.
10
What is the remainder when 7184 is divided by 395?
74
Calculate the remainder when 51821 is divided by 25899.
2